+ -5 + (-1 - -1)
-7
Calculate 5 + (-4 - 6) + 4.
-1
Calculate -4 + 3 + (4 - (-1 - -10)).
-6
Calculate 3 - 4 - (0 + -2).
1
(0 - 2) + 16 + -14
0
Calculate (-1 + 5 - 3) + 1.
2
-3 + -4 - (2 - 11)
2
What is (-1 - -4) + 0 + -8 + 1?
-4
What is 8 + 4 - (2 + -4) - 4?
10
(5 - -4) + (-21 - -21)
9
Calculate 1 - -1 - (-1 - (-6 + 1)).
-2
What is the value of 9 + 0 + -4 + -13 + 12?
4
What is the value of 1 - 0 - (2 - (-1 + 4))?
2
Calculate 2 - (10 - (11 - 0)).
3
What is the value of (3 + -6 - -5) + 5 + -3?
4
What is the value of -5 - (-5 - 3) - (2 - -5)?
-4
0 + 2 + 2 - 3
1
Evaluate -4 + (-9 + 5 - -3 - -1).
-4
What is -4 + -18 + 18 + 0 + 6?
2
Calculate 3 - (-8 - ((-1 - 7) + 7)).
10
Evaluate -1 + 3 - (2 - 2).
2
Evaluate -7 - (0 - 4 - 3).
0
What is 0 + (-14 - -8) - -9?
3
What is 7 + (3 - (-7 + 1 + 11))?
5
13 + (-12 - (-2 + (7 - 11)))
7
Evaluate -1 + (6 - 3) + -42 + 41.
1
Evaluate 2 + -6 + 7 + -2 + -7.
-6
What is -4 + 3 - (1 - -2)?
-4
Evaluate 4 + 2 + -2 - 0.
4
5 + -2 + -6 + -1
-4
What is (-2 - (-14 - -7)) + -5?
0
What is the value of (-8 - (-4 + -3)) + (0 - 3)?
-4
-5 - -3 - (1 + -7)
4
(-8 - (-21 + 11)) + 5
7
Evaluate (8 - 1) + (64 - 69).
2
-1 + (-1 - -3 - (-2 - 3))
6
Calculate 3 - -1 - (-3 + -1 + 4).
4
Evaluate 11 - -9 - 20 - (2 - 0).
-2
What is 1 - 2 - (-2 + -3 + 1)?
3
Calculate -4 - (-3 + (1 - -3) + -3).
-2
Evaluate -11 + 12 + 1 + (-1 - 5).
-4
What is the value of 4 + (-8 - -1 - (4 - 12))?
5
(9 - (7 + (1 - 1))) + 0
2
-9 + 7 + -2 - 3
-7
What is the value of 10 + -7 + (-6 - -1)?
-2
What is -8 + (0 + 1 + 8 - 4)?
-3
Evaluate -2 - ((-2 - 1) + -2).
3
What is the value of (1 - 2) + -4 + -3 + 7?
-1
What is 3 + -7 - -4 - (0 + 4)?
-4
What is (-2 - 2 - (-1 + 4)) + 3?
-4
Evaluate (-1 - (7 + -4)) + 2.
-2
Calculate -2 + 6 + (-3 - -2).
3
Evaluate (2 + -2 - 15) + 0 + 7.
-8
What is the value of 4 + (-3 + -1 - 0) + -3?
-3
What is (-1 - 6) + (-3 - -6) + -2?
-6
Evaluate -18 + 22 - (6 + 0).
-2
What is the value of 5 + (12 - (5 + 10))?
2
What is the value of (7 - 0) + (-8 - -6) - 1?
4
Calculate (4 - 0) + -10 + -8 + 11.
-3
What is -9 + (-7 - -17) + (1 - 2)?
0
Evaluate -3 + (-1 - 0) - 3.
-7
What is the value of -14 - (-21 + 10) - 3?
-6
What is 15 + -11 - (0 - 0)?
4
Evaluate 7 + (8 - 7) + 3 + -6.
5
Calculate 0 + 8 - (71 - 64).
1
Evaluate -1 + (0 - -6) + (-20 - -15).
0
0 - (-17 - -15 - (3 + -4))
1
Evaluate 8 + -1 + -4 - -2.
5
What is -3 + -10 + 9 + (1 - 1)?
-4
Calculate 8 - (12 - -6 - 10).
0
2 + (40 - 37 - (2 - 0))
3
Evaluate 11 + -4 - 6 - 7.
-6
What is the value of -7 + (-6 - (6 + (-15 - -1)))?
-5
Evaluate -7 + -5 + (4 + 2 - 1).
-7
Evaluate 19 + -25 - (-2 - -2).
-6
What is the value of 2 - (-1 + 1 - (1 - 5))?
-2
What is the value of 1 + -10 + 5 + -1?
-5
Evaluate -5 + (0 - (5 + -20)) - 5.
5
(3 - 2) + (15 - 15) - 9
-8
-2 + 9 + 2 + -6
3
Evaluate -1 + (0 - 4 - (22 + -25)).
-2
Evaluate 3 - (-12 + 11) - (-1 + 2).
3
What is -8 + (-4 - -11) + 6?
5
What is 4 + -4 + -1 + (-3 - 0)?
-4
What is -4 + (-3 - (4 - 5)) + 3?
-3
What is the value of 1 + 0 - (4 - (6 + -8))?
-5
What is -4 - (-14 + -11 + 15)?
6
Calculate 7 - (7 + -5 - -4 - -5).
-4
Calculate -7 + (8 - (-5 - -1)).
5
Calculate (-3 - (-17 - -8)) + -3.
3
Evaluate 8 + -9 + 3 - -3.
5
-7 + 2 + 3 + -1
-3
Evaluate 9 + 3 + -10 + (6 - 3).
5
Calculate (-5 - -1) + 1 + 0.
-3
What is the value of (-4 - -2) + -6 + 10?
2
Evaluate (1 - 4) + -2 + 6.
1
6 - 9 - ((5 - 1) + -7)
0
What is 23 + -16 - (-1 - -6)?
2
Evaluate -1 + 1 - 0 - (0 - -4).
-4
What is the value of (-2 - -2) + (-6 - -1) - 0?
-5
Calculate (8 - 2) + -6 + 3.
3
(-7 + 6 - -7) + -2
4
Calculate -3 - (-1 + 5) - (0 + -7).
0
What is (-3 - -1) + (42 - 35)?
5
Evaluate -3 - (-11 + 7) - 3.
-2
What is the value of 3 + (-4 - (3 - 5))?
1
Calculate -3 + (4 - 0) - 3.
-2
Evaluate 0 + -2 + -4 + 10.
4
What is -5 + 0 + -1 + 0?
-6
What is the value of (8 - -1) + (6 - 4) + -6?
5
What is (0 + -3 - 1 - -1) + 4?
1
Evaluate (-7 - -7 - 1) + -4.
-5
What is (43 - 40) + (-2 - -1)?
2
Calculate 9 - 5 - (1 + 1 + 2).
0
Calculate 2 + -3 - -3 - 4.
-2
Evaluate (18 - 7) + (-7 - 4).
0
What is the value of (2 + 0 - 2) + -38 + 37?
-1
Calculate -2 + 3 + (-6 - -3) - 2.
-4
What is (1 - (0 - -1)) + (-33 - -29)?
-4
Calculate -8 - -7 - 0 - 4.
-5
Evaluate 4 - ((-6 - (2 + -2)) + 5).
5
Evaluate (8 - 3) + -3 + 4.
6
Calculate -2 - (8 + -7 + -1).
-2
What is (1 - -15) + -9 + 0?
7
What is the value of 3 + (9 - 6) + -11?
-5
What is the value of 1 - (2 + -3) - 0 - 2?
0
What is the value of -4 - (0 + (1 - 9))?
4
Calculate (0 - 7) + (2 - (-2 - -2)).
-5
Evaluate (-3 - (6 - 10)) + 2 - -2.
5
What is -19 - (-2 - 8) - -17?
8
What is 2 - (-1 - (-1 + 0 + -5))?
-3
What is the value of -5 - (-4 + -7) - 4?
2
Evaluate -5 - -1 - ((-4 - -5) + -4).
-1
Evaluate -1 + (-2 - -3) - (5 + -1).
-4
Calculate 3 + 7 - (38 - 30).
2
What is -4 + (-14 - (10 + -31))?
3
What is the value of -4 - -9 - (2 - 0)?
3
Calculate 8 + 1 - (88 - 79).
0
Evaluate -55 + 38 + 14 + 1.
-2
What is the value of -4 + 13 + -9 + 8?
8
What is the value of -2 + (13 + -6 - (-4 - -9))?
0
Calculate -4 - (-11 + 9 + -6).
4
Evaluate (-5 + 4 - -5) + -7.
-3
-1 + 9 + -9 + 9
8
Calculate -3 + 0 + (-4 - -7) + 4.
4
Calculate 3 - (-3 + 0 + 8 + -2).
0
What is -7 - -5 - (-2 - (6 + -9))?
-3
What is 12 - 5 - -3 - 11?
-1
What is the value of 79 + -79 + 5 + -1 + 1?
5
What is (0 + 8 - 7 - -4) + 0?
5
What is the value of 0 + 0 + 3 - (-1 + 5)?
-1
-3 + 2 + 1 + -4
-4
Calculate -5 - (-8 + (0 - -2)) - 2.
-1
Evaluate -86 + 80 + (0 - -1).
-5
0 + (-6 - -11) + -3
2
5 - 0 - (23 + -22)
4
What is the value of (8 - 3 - 4) + 7?
8
What is 11 + -14 - (-1 - (2 + 6))?
6
What is (14 - (31 - 25)) + (1 - -1)?
10
Calculate -2 - -7 - ((-12 - -21) + -5).
1
Calculate 0 - 12 - (-113 - -106).
-5
Evaluate -4 + (-4 - -9) - 5.
-4
Calculate -6 + 5 + -1 + 3.
1
What is 5 - (-3 - 0) - 9?
-1
Calculate (-8 - -1) + -3 + 6 + 5.
1
What is -3 - (-11 + 7 - -7)?
-6
Evaluate -4 + 2 + -4 + 4 + 0.
-2
Calculate 2 + (3 - (-4 + 2 - 1)).
8
Evaluate (-6 - (1 - 9)) + -4.
-2
What is (3 - -4) + -2 + -6?
-1
Evaluate -6 + (2 + 1 - -2).
-1
Evaluate -2 + -2 + -1 + 5.
0
What is the value of (0 - 3) + (9 + -23 - -12)?
-5
What is the value of (5 + -8 - -4) + -2?
-1
What is 2 - 4 - (-1 + -1)?
0
Evaluate -1 + (8 - 4) - 0.
3
What is the value of -54 + 53 + 1 + -1?
-1
Evaluate 0 - ((-2 - (3 + -5)) + 4).
-4
Calculate -35 - -26 - (0 + -8).
-1
Evaluate 4 + (3 - (9 + 5 + -3)).
-4
-4 + (10 - 5) + -1
0
What is the value of -1 + -1 + -1 - -5?
2
-1 + -2 + (20 - 15 - 9)
-7
Evaluate 5 + -3 + 4 + (-1 - 3).
2
What is the value of 5 + (-6 - 3) + (2 - -2)?
0
What is the value of (0 - ((3 - -1) + 0)) + 2?
-2
What is the value of -3 + -2 + -1 + 8?
2
8 + (7 - 11) + 1 + -2
3
What is the value of -28 + 10 - (-15 - -2)?
-5
Evaluate 8 - 3 - (0 + 6 - 8).
7
What is -4 + (-6 - -3 - -2)?
-5
Calculate -4 - (0 + (-3 + 6 - 0)).
-7
Evaluate -1 + 7 - (1 + (2 - 3)).
6
Evaluate (-11 - (-4 - 3)) + -2 + 2.
-4
What is -6 - (-34 + 33 - (12 - 0))?
7
Calculate -12 + (4 - 10 - -5 - -5).
-8
(2 - (9 - 4) - -4) + 0
1
Calculate 7 - 5 - (-2 - 0) - 1.
3
Evaluate 8 + -3 + -2 - 2.
1
Calculate 5 - (5 - (1 + -6)).
-5
Evaluate (1 - 2) + (-6 - -11).
4
What is -3 + (4 - 3) + -3 + 0?
-5
What is (9 - 7) + -1 + -2 + -3?
-4
What is 31 - 35 - (-4 + -1)?
1
-12 + 1 - -12 - (-2 + -1)
4
What is the value of 3 - ((14 - 3) + -5)?
-3
-15 + -6 + 8 + 8
-5
2 - (-3 + 5 - 4)
4
What is the value of 1 + (8 - 2) + -6?
1
What is 0 + (-1 - (-3 + 4) - -3)?
1
Calculate 7 - (0 + -2 + 8 - 4).
5
Calculate 3 + (-27 + 30 - (3 - 0)).
3
What is the value of -2 - -3 - (6 + -6 - -6)?
-5
What is the value of -5 + 8 + -4 + 8?
7
Evaluate 5 + (-9 - (7 + -6)).
-5
Evaluate (2 - (-6 - -12)) + 0.
-4
What is 22 - 26 - (-6 + 3)?
-1
What is 1 - 2 - (0 + 2)?
-3
1 - (4 - 3 - 2)
2
Evaluate (-16 - -10) + (5 - -5).
4
7 + (0 - -6) + -11
2
Evaluate 3 - (-4 + 14 + -2).
-5
2 - (2 + 1) - (-22 + 22)
-1
Evaluate (-7 + -4 - -5) + (0 - -2).
-4
What is the value of -18 + 16 + (-1 - 4 - -1)?
-6
Calculate 6 + (-2 - 0) + -3.
1
What is the value of (2 - 2 - (-3 - -5)) + 3?
1
What is the value of 52 + -47 + (-2 - (4 + -1))?
0
What is (14 + -15 - -10) + -1 + -1?
7
Evaluate -2 - 4 - (3 - 18).
9
Evaluate 2 - 4 - 2 - (111 + -110).
-5
Evaluate -2 + -3 - (3 + -6).
-2
(-10 - 0) + (6 - 1)
-5
Evaluate -4 - ((-1 - (-6 - -2)) + -12).
5
Evaluate 12 + (-18 - -9) - -4.
7
Calculate (1 - 3 - 0) + (-33 - -36).
1
Evaluat